Let r(c) = 134872*c + 1348762. Give r(-10).
42
Let m(f) = f**3 - 106*f**2 - 415*f - 2806. Determine m(110).
-56
Let w(s) = 8*s**2 + 109*s + 351. Calculate w(-6).
-15
Let t(k) = 6*k**3 - 319*k**2 + 1347*k - 680. Give t(4).
-12
Let k(d) = 2*d**2 - 186*d - 5710. Determine k(117).
-94
Let f(y) = y**3 + 75*y**2 + 289*y + 5215. Determine f(-72).
-41
Let m(q) = q**3 + 531*q**2 + 1052*q - 3261. Determine m(-529).
-87
Let l(p) = -6*p**2 - 298*p - 1785. What is l(-43)?
-65
Let n(c) = -4079*c**2 - 167233*c + 246. Calculate n(-41).
0
Let a(g) = -16*g**3 + 13*g**2 - 454*g + 1379. Calculate a(3).
-298
Let a(g) = -g**3 + 322*g**2 + 3924*g - 1263554. What is a(322)?
-26
Let q(v) = 2429*v - 381363. Give q(157).
-10
Let f(o) = 26*o**2 - 218*o + 532. Determine f(11).
1280
Let d(q) = -q**3 - 63*q**2 - 113265*q - 7135686. Give d(-63).
9
Let d(t) = -366*t**2 + 26679*t + 2849. Calculate d(73).
2
Let v(h) = h**3 - 11*h**2 - 3667*h + 7372. Determine v(2).
2
Let n(z) = 3*z**3 + 62*z**2 - 2*z + 231. Determine n(-20).
1071
Let n(h) = -42*h**2 + 603*h + 9606. Give n(24).
-114
Let n(q) = 2*q**2 - 3536*q - 318840. Determine n(-86).
48
Let u(w) = 2*w**3 - 18*w**2 - 1629*w + 5034. Determine u(32).
10
Let q(t) = -179*t - 3355. Calculate q(-19).
46
Let c(t) = t**3 + 53*t**2 + 468*t + 330. What is c(-41)?
1314
Let q(y) = -1382*y + 71862. Give q(52).
-2
Let c(y) = 12*y**3 + 95*y**2 + 299*y + 2460. Give c(-8).
4
Let b(t) = -36*t**2 - 919*t - 23. Determine b(-26).
-465
Let n(s) = -s**3 + 31*s**2 - 24235*s + 701133. Determine n(29).
0
Let f(z) = -2*z**3 - 21*z**2 + 2807*z + 28178. Give f(-10).
8
Let z(y) = y**3 + 53*y**2 + 125*y + 1061. Give z(-51).
-112
Let j(a) = -15*a**3 + 4*a**2 + 110*a - 414. Determine j(4).
-870
Let w(k) = -1452*k + 264264. Calculate w(182).
0
Let y(p) = -p**3 - 12*p**2 + 2279*p + 29625. Give y(-13).
167
Let c(w) = 2980*w - 238391. Calculate c(80).
9
Let a(h) = -5*h**2 + 2834*h + 52722. Give a(-18).
90
Let y(v) = -v**3 + 416*v**2 - 40863*v + 222. What is y(159)?
222
Let m(n) = 2*n**2 + 36*n + 4. What is m(-4)?
-108
Let g(d) = -2*d**3 + 13*d**2 - 622*d + 4817. Give g(8).
-351
Let h(c) = -24975*c - 21803169. Calculate h(-873).
6
Let x(b) = -b**3 + 32*b**2 + 40*b - 485. What is x(33)?
-254
Let d(h) = -14*h**3 + 13*h**2 - 1287*h + 2579. Calculate d(2).
-55
Let m(i) = -i**3 + 119*i**2 + 1981*i + 3859. Determine m(134).
-27
Let d(u) = 12174*u + 645282. What is d(-53)?
60
Let h(f) = -f**2 + 165*f - 6677. Give h(59).
-423
Let n(z) = z**3 - 60*z**2 + 129*z + 128. Give n(58).
882
Let j(c) = -3*c**3 + 1339*c**2 + 848*c + 20543. What is j(447)?
-19
Let i(a) = -a**3 + 38*a**2 + 758*a + 442. Calculate i(-14).
22
Let k(t) = -t**3 - 369*t**2 + 4696*t + 1863548. Calculate k(-368).
-4
Let m(h) = -h**3 - 58*h**2 - 674*h - 47671. Calculate m(-60).
-31
Let o(s) = -s**3 + 6*s**2 - 339*s + 53. What is o(0)?
53
Let o(y) = -5*y**3 + 39*y**2 + 31*y + 202. Give o(9).
-5
Let y(w) = 1140*w - 975. What is y(1)?
165
Let o(l) = 5*l**2 - 2740*l + 146399. What is o(488)?
-1
Let r(k) = 74*k**2 - 6649*k - 985. Determine r(90).
5
Let a(z) = 88*z**3 - 529*z**2 + 1071*z - 6396. Calculate a(6).
-6
Let s(a) = 2*a**2 - 460*a + 25520. Calculate s(137).
38
Let u(c) = -1502*c - 106637. What is u(-71)?
5
Let h(j) = -2120*j - 308. Determine h(0).
-308
Let b(k) = 2*k**2 + 243*k - 16263. Determine b(-172).
1109
Let c(f) = 1083*f - 187388. Calculate c(173).
-29
Let a(f) = -36*f**3 - 227*f**2 + 852*f + 5496. What is a(-6)?
-12
Let b(l) = 1209*l + 10308. Determine b(-6).
3054
Let t(z) = -2*z**3 + 86*z**2 + 174*z - 3688. Give t(44).
96
Let a(h) = h**3 + 93*h**2 - 2288*h - 3138. Determine a(-113).
26
Let g(b) = -5232*b + 20919. Determine g(4).
-9
Let k(g) = -501*g + 3174. Calculate k(6).
168
Let h(r) = -r**3 + 74*r**2 - 401*r - 41. Calculate h(6).
1
Let f(z) = -z**3 - 488*z**2 - 3832*z + 29. Determine f(-8).
-35
Let x(u) = 2*u**3 - 29*u**2 + 18*u - 215. Give x(0).
-215
Let i(f) = 1936*f - 71639. Calculate i(37).
-7
Let d(w) = -3*w**3 - 116*w**2 - 111*w - 1343. Calculate d(-38).
-13
Let j(c) = 838*c - 2981. Give j(5).
1209
Let s(l) = 11*l**2 + 1406*l - 12877. Give s(9).
668
Let u(x) = -2952*x + 23864. Calculate u(9).
-2704
Let p(a) = -2664*a**3 + 5*a**2 - 24*a + 19. What is p(1)?
-2664
Let z(o) = -4*o**2 - 187*o - 3176. Calculate z(-20).
-1036
Let d(q) = q**3 - 66*q**2 - 935*q - 125. Calculate d(78).
-47
Let g(o) = -o**2 - 15*o + 1810. Determine g(-47).
306
Let f(t) = -t**2 + 454*t - 2683. Determine f(6).
5
Let x(w) = -198*w**2 - 27142*w - 2192. Determine x(-137).
0
Let f(q) = -q**3 + 22*q**2 - 8340*q + 65839. Determine f(8).
15
Let u(z) = z**2 - 15030*z - 90228. Calculate u(-6).
-12
Let k(q) = q**3 + 5*q**2 - 589*q - 5747. Determine k(-11).
6
Let b(l) = 2*l**3 - 2*l**2 - 6441*l + 19340. Give b(3).
53
Let g(k) = k**2 + 79*k - 1475. What is g(16)?
45
Let g(f) = -f**3 + 32*f**2 + 41*f + 83. What is g(34)?
-835
Let h(u) = -u**3 - 6*u**2 + 33*u + 3. Calculate h(-6).
-195
Let b(q) = -15*q**2 + 4862*q + 91663. Give b(342).
7
Let o(d) = 246*d**2 - 2690*d + 38. Calculate o(11).
214
Let v(u) = 7*u**2 - 71733*u + 71731. Determine v(1).
5
Let k(d) = -406*d**2 - 6092*d - 140. Determine k(-15).
-110
Let b(o) = 2*o**3 - 139*o**2 + 574*o - 7399. Give b(66).
-7
Let s(i) = 4*i**3 + 7*i**2 - 118*i + 121. Give s(4).
17
Let x(z) = 51*z**3 - 717*z**2 + z + 578. Give x(14).
4
Let x(j) = 258*j + 950. What is x(3)?
1724
Let c(a) = -111*a**2 - 11096*a + 573. Give c(-100).
173
Let q(t) = -48*t**2 + 781*t - 2035. What is q(13)?
6
Let b(c) = 421536*c - 3793822. Give b(9).
2
Let a(x) = -x**3 + 9*x**2 - 2263*x + 11324. Calculate a(5).
109
Let l(o) = 5517*o + 6085200. Calculate l(-1103).
-51
Let k(j) = -j**3 + 1367*j**2 - 397742*j + 1903. What is k(947)?
9
Let u(h) = 4*h**2 + 2691*h - 47609. Calculate u(-690).
1
Let u(v) = -56107*v - 1514915. Calculate u(-27).
-26
Let a(x) = 136*x**2 - 29919*x - 241. Determine a(220).
-21
Let v(a) = 17945*a + 233281. Calculate v(-13).
-4
Let b(m) = -m**2 + 213*m + 4784. Calculate b(224).
2320
Let s(j) = j**2 + 210*j + 10925. Give s(-96).
-19
Let t(p) = -8594*p - 550033. Calculate t(-64).
-17
Let h(t) = 64134*t - 7054760. Determine h(110).
-20
Let n(s) = -13*s**3 + 1316*s**2 + 1033*s - 1319. Give n(102).
7
Let a(m) = -m**2 - 224*m - 10879. Give a(-80).
641
Let j(k) = k**3 - 535*k**2 - 2155*k - 516. Give j(539).
23
Let g(p) = -2565*p + 112916. What is g(44)?
56
Let p(d) = 145662*d - 5243844. Determine p(36).
-12
Let v(c) = -2699*c + 207815. What is v(77)?
-8
Let w(g) = 12435*g - 13367611. Give w(1075).
14
Let c(k) = 11*k**2 + 2793*k - 286. What is c(-254)?
-32
Let m(u) = 7*u**2 + 202*u - 36. Determine m(-28).
-204
Let b(t) = -4*t**2 - 8250*t + 276591. What is b(33)?
-15
Let n(k) = -k**2 - 122136*k - 732790. Calculate n(-6).
-10
Let n(u) = -2*u**2 + 607*u + 29810. What is n(-43)?
11
Let u(x) = -x**3 - 47*x**2 - 101*x - 94. Determine u(-44).
-1458
Let u(l) = -17233*l - 103589. Determine u(-6).
-191
Let z(t) = 18049*t + 451232. Give z(-25).
7
Let t(s) = 284062*s - 8237799. Calculate t(29).
-1
Let f(t) = 8*t**2 - 3063*t + 158873. What is f(321)?
-22
Let j(o) = 15812*o - 3937187. What is j(249)?
1
Let n(b) = -1129*b - 750775. What is n(-665)?
10
Let p(h) = -9468*h**2 + 501805*h - 40. Give p(53).
13
Let b(w) = -242*w**3 - 2422*w**2 + 32*w + 533. Determine b(-10).
13
Let u(d) = -58*d + 2675. Calculate u(46).
7
Let l(k) = -k**3 - 17*k**2 + 1963*k - 1891. Give l(-54).
-1
Let r(f) = -581*f**2 + 1246*f - 21. Determine r(2).
147
Let u(x) = -18*x**3 + 592*x**2 + 6*x + 1989. Give u(33).
9
Let s(i) = -92*i**2 - 45*i + 1. Determine s(-1).
-46
Let a(z) = z**3 - 14*z**2 + 29*z - 489. Calculate a(13).
-281
Let q(l) = 8*l + 9. Give q(-39).
-303
Let q(t) = -19*t**2 + 457*t - 808. Calculate q(21).
410
Let t(q) = -1950*q + 8652. What is t(4)?
852
Let t(i) = i**2 - 40459*i + 9092669. Give t(226).
11
Let f(u) = -1361*u - 348422. Determine f(-256).
-6
Let k(g) = -98*g + 18829. Determine k(193).
-85
Let b(i) = -14586*i - 87560. What is b(-6)?
-44
Let y(d) = -d**3 + 39*d**2 + 91*d - 3489. Calculate y(39).
60
Let y(p) = -263*p**2 + 1329*p - 2652. What is y(2)?
-1046
Let c(x) = -2170*x - 34451. What is c(-16)?
269
Let m(h) = 74*h**2 - 1312*h - 240. Calculate m(18).
120
Let d(u) = 119*u - 11068. Calculate d(91).
-239
Let p(a) = -4*a**3 + 